{"id":30,"date":"2025-08-19T15:00:52","date_gmt":"2025-08-19T15:00:52","guid":{"rendered":"https:\/\/testgano1.xyz\/?page_id=30"},"modified":"2025-08-19T15:00:52","modified_gmt":"2025-08-19T15:00:52","slug":"dieu-khoan-sua-dung","status":"publish","type":"page","link":"https:\/\/testgano1.xyz\/?page_id=30","title":{"rendered":"\u0110i\u1ec1u kho\u1ea3n s\u1eeda d\u1ee5ng"},"content":{"rendered":"\n<p>\u0110i\u1ec1u kho\u1ea3n s\u1eed d\u1ee5ng Khi truy c\u1eadp website testgano1.xyz, b\u1ea1n \u0111\u1ed3ng \u00fd v\u1edbi c\u00e1c \u0111i\u1ec1u kho\u1ea3n sau: <\/p>\n\n\n\n<p>Quy\u1ec1n s\u1edf h\u1eefu n\u1ed9i dung T\u1ea5t c\u1ea3 n\u1ed9i dung (b\u00e0i vi\u1ebft, h\u00ecnh \u1ea3nh, video\u2026) tr\u00ean website thu\u1ed9c quy\u1ec1n s\u1edf h\u1eefu c\u1ee7a [T\u00ean website] ho\u1eb7c \u0111\u1ed1i t\u00e1c c\u1ea5p ph\u00e9p. Vui l\u00f2ng kh\u00f4ng sao ch\u00e9p, ph\u00e1t t\u00e1n khi ch\u01b0a c\u00f3 s\u1ef1 \u0111\u1ed3ng \u00fd. <\/p>\n\n\n\n<p>Tr\u00e1ch nhi\u1ec7m ng\u01b0\u1eddi d\u00f9ng <\/p>\n\n\n\n<p>\u2022 Kh\u00f4ng s\u1eed d\u1ee5ng website cho m\u1ee5c \u0111\u00edch vi ph\u1ea1m ph\u00e1p lu\u1eadt. <\/p>\n\n\n\n<p>\u2022 Kh\u00f4ng ph\u00e1t t\u00e1n n\u1ed9i dung \u0111\u1ed9c h\u1ea1i, virus, spam. <\/p>\n\n\n\n<p>\u2022 Ch\u1ecbu tr\u00e1ch nhi\u1ec7m v\u1ec1 m\u1ecdi th\u00f4ng tin b\u1ea1n cung c\u1ea5p. <\/p>\n\n\n\n<p>Gi\u1edbi h\u1ea1n tr\u00e1ch nhi\u1ec7m Website [T\u00ean website] kh\u00f4ng ch\u1ecbu tr\u00e1ch nhi\u1ec7m v\u1edbi b\u1ea5t k\u1ef3 thi\u1ec7t h\u1ea1i n\u00e0o ph\u00e1t sinh t\u1eeb vi\u1ec7c s\u1eed d\u1ee5ng ho\u1eb7c kh\u00f4ng th\u1ec3 s\u1eed d\u1ee5ng n\u1ed9i dung tr\u00ean trang web. <\/p>\n\n\n\n<p>Thay \u0111\u1ed5i \u0111i\u1ec1u kho\u1ea3n Ch\u00fang t\u00f4i c\u00f3 quy\u1ec1n \u0111i\u1ec1u ch\u1ec9nh \u0111i\u1ec1u kho\u1ea3n s\u1eed d\u1ee5ng b\u1ea5t k\u1ef3 l\u00fac n\u00e0o. Vi\u1ec7c ti\u1ebfp t\u1ee5c s\u1eed d\u1ee5ng website \u0111\u1ed3ng ngh\u0129a b\u1ea1n \u0111\u1ed3ng \u00fd v\u1edbi \u0111i\u1ec1u kho\u1ea3n c\u1eadp nh\u1eadt.<\/p>\n\n\n\n<p><\/p>\n","protected":false},"excerpt":{"rendered":"<p>\u0110i\u1ec1u kho\u1ea3n s\u1eed d\u1ee5ng Khi truy c\u1eadp website testgano1.xyz, b\u1ea1n \u0111\u1ed3ng \u00fd v\u1edbi c\u00e1c \u0111i\u1ec1u kho\u1ea3n sau: Quy\u1ec1n s\u1edf h\u1eefu n\u1ed9i dung T\u1ea5t c\u1ea3 n\u1ed9i dung (b\u00e0i vi\u1ebft, h\u00ecnh \u1ea3nh, video\u2026) tr\u00ean website thu\u1ed9c quy\u1ec1n s\u1edf h\u1eefu c\u1ee7a [T\u00ean website] ho\u1eb7c \u0111\u1ed1i t\u00e1c c\u1ea5p ph\u00e9p. Vui l\u00f2ng kh\u00f4ng sao ch\u00e9p, ph\u00e1t t\u00e1n khi ch\u01b0a c\u00f3 [&hellip;]<\/p>\n","protected":false},"author":1,"featured_media":0,"parent":0,"menu_order":0,"comment_status":"closed","ping_status":"closed","template":"","meta":{"footnotes":""},"class_list":["post-30","page","type-page","status-publish","hentry"],"_links":{"self":[{"href":"https:\/\/testgano1.xyz\/index.php?rest_route=\/wp\/v2\/pages\/30","targetHints":{"allow":["GET"]}}],"collection":[{"href":"https:\/\/testgano1.xyz\/index.php?rest_route=\/wp\/v2\/pages"}],"about":[{"href":"https:\/\/testgano1.xyz\/index.php?rest_route=\/wp\/v2\/types\/page"}],"author":[{"embeddable":true,"href":"https:\/\/testgano1.xyz\/index.php?rest_route=\/wp\/v2\/users\/1"}],"replies":[{"embeddable":true,"href":"https:\/\/testgano1.xyz\/index.php?rest_route=%2Fwp%2Fv2%2Fcomments&post=30"}],"version-history":[{"count":1,"href":"https:\/\/testgano1.xyz\/index.php?rest_route=\/wp\/v2\/pages\/30\/revisions"}],"predecessor-version":[{"id":31,"href":"https:\/\/testgano1.xyz\/index.php?rest_route=\/wp\/v2\/pages\/30\/revisions\/31"}],"wp:attachment":[{"href":"https:\/\/testgano1.xyz\/index.php?rest_route=%2Fwp%2Fv2%2Fmedia&parent=30"}],"curies":[{"name":"wp","href":"https:\/\/api.w.org\/{rel}","templated":true}]}}